 Suppose -3*g + 135 = -2*g - 2*t, 0 = -3*g - k*t + 373. Is g a prime number?
True
Let m = -808 - -1214. Let i = m + -275. Is i a composite number?
False
Suppose 2*c = -5*z + 39 + 90, 39 = z - 4*c. Is z - (3 + 9)/(-3) composite?
False
Let l = -1 - -5. Suppose 2 = -o, l*x + o - 148 = 5*o. Is x prime?
False
Suppose 3*n + 2*h - 1786 = 3*h, -4*h = -n + 599. Suppose -5*j + n = -0*j. Is j a prime number?
False
Let x(o) = -11*o**2 + 3*o + 3. Let s(i) = 5*i**2 - 2*i - 1. Let c(m) = m**2 + 3*m - 5. Let t be c(-5). Let r(v) = t*s(v) + 2*x(v). Is r(-4) a composite number?
True
Suppose -u + 532 = 3*u. Is u a composite number?
True
Let l be (-65)/(-20) - (-2)/(-8). Let w be l*1*2/6. Let v(h) = 18*h + 1. Is v(w) prime?
True
Is 692/28 - 6/(-21) composite?
True
Let y be 3/6 - (-353)/2. Suppose 2*v + y = 3*v. Is v prime?
False
Suppose -2*a - 100 = -6*a. Let t = 102 - a. Is t a prime number?
False
Suppose -2*v = -3*v + 2. Let f = v - 3. Is 3 - -1*(81 + f) prime?
True
Suppose 0 = -5*o + 2*o + 2643. Suppose c - 4*p - o = 0, -2*c - 2*p + 1524 = -208. Is c composite?
True
Suppose -32 + 7 = -5*v. Suppose -v*g + g = -i - 2, -i - 5 = -g. Is (-9)/i*844/6 composite?
False
Let w(b) = -b**3 - 10*b**2 + 17*b - 5. Is w(-12) composite?
False
Suppose -4*s + 5 = 1. Let z = 1 + s. Is 222/4 - 1/z prime?
False
Is (-1)/(4876/(-4874) + (-6 - -7)) prime?
True
Suppose -5*p + g = -22, -1 = -2*p + 2*g + 11. Let l be 6/15 + p/(-10). Suppose 2*i = 3*w - 41, l = -w + 3*i + i + 27. Is w a prime number?
True
Suppose -11 = -3*b - 35. Is 2/((-7)/(1540/b)) a prime number?
False
Let h = -188 + 709. Is h a prime number?
True
Suppose 66 = z - 83. Is z a composite number?
False
Let s(l) = -l**3 + 659. Is s(0) a prime number?
True
Suppose -5*d + 21889 = 8244. Is d a composite number?
False
Suppose -4*p - 3*z = -1309, -5*p - 2*z + 0*z + 1645 = 0. Is p composite?
False
Let l = 10 + -2. Is 4/l + (-458)/(-4) composite?
True
Let j = -6 - -4. Let l = -5 - j. Is (-149)/l + 6/(-9) a prime number?
False
Let s(y) = -52*y + 7. Is s(-3) composite?
False
Suppose -4*v + 2*b + 328 = 0, 12 = -b + 4*b. Suppose 3*x - 5*j = v, -x + 3*j - 141 = -5*x. Is x composite?
True
Let i = 14 + -8. Let b be i*2/12*2. Suppose 0 = -b*c + 16 + 34. Is c a composite number?
True
Let l(c) = -41*c - 1. Let r be l(-2). Suppose -s - 4*f = -r, f + 0*f - 87 = -s. Is s a composite number?
False
Let o be 39 + 0 + -1 + 2. Let r = o - 25. Is (r + 3)*1 - -1 prime?
True
Suppose -5*g + 90 = -x - 88, -5*g + 5*x = -170. Suppose p - g = -11. Is p prime?
False
Suppose 991 = 7*o - 6*o. Is o prime?
True
Let a = -1 - 0. Let i be ((-1)/3)/(3/(-207)). Is i - ((-2 - a) + -1) prime?
False
Let b(t) = -t**3 + 8*t**2 - 6*t - 6. Let d be b(7). Let f be d + 11 + 0/(-1). Is (52/f)/((-1)/(-3)) composite?
False
Let i = 18 - 28. Let d = i + 7. Is 35 + (0 - (d - -1)) a prime number?
True
Let q = -22 - -31. Suppose 3*j = q + 6. Suppose 0 = -2*d + 3*y + 39, -j*d + 60 = -y + 6*y. Is d a composite number?
True
Suppose -197 = 4*h - 5*h + 3*r, -3*h + 571 = r. Is h prime?
True
Let a(g) = 5*g + 5. Let h be a(-4). Suppose 0 = -2*l - 2*w + 6, -w = -0*l - l + 7. Is 3/h + 186/l a prime number?
True
Suppose 10*q - 5*q = 5. Is q/(-2 + (-333)/(-165)) a prime number?
False
Suppose -7317 = -2*z - 2407. Is z a composite number?
True
Suppose 2*d - d = -2*x - 91, -227 = 5*x + 3*d. Let v = x + 0. Let f = 115 + v. Is f a prime number?
False
Suppose -5*h + 3667 = -4528. Is h a composite number?
True
Let n(u) = -u**3 + 2*u**2 - u - 7. Suppose -4 = 2*j + 8. Is n(j) a composite number?
True
Suppose -4 = -3*r - 2*g, 0 = -5*r - 3*g + 2*g - 5. Is -1*598/r + 2 a composite number?
True
Is 298/(-3)*(-468)/24 prime?
False
Let h(w) = 3*w**2 + 4*w. Let q be h(3). Suppose -3*p - q = -4*p. Is p a prime number?
False
Suppose -2*b - 9*b + 341 = 0. Is b a composite number?
False
Let g(v) = -v**3 + v**2 + v. Let u(c) = c**3 + 4*c**2 - 10*c + 9. Let m(i) = -3*g(i) - u(i). Is m(4) prime?
False
Suppose z = -3*q + 3, -3*z = -6*q + q + 19. Suppose 322 = q*y - 2*x, -5*y + 0*y + 823 = 4*x. Is y prime?
True
Let s(i) be the second derivative of -i**5/20 - 5*i**4/6 - 2*i**3 - 11*i**2/2 - 9*i. Is s(-10) a prime number?
True
Suppose 2*t - 8 = -2*k, -k - 4 = -2*k. Suppose -3*w - 4*h + 7*h + 1290 = t, 0 = -5*w + h + 2154. Is w composite?
False
Let x(z) = 2*z - 5. Let s(d) = -d**3 - 8*d**2 - 8*d - 3. Let k be s(-7). Let y be x(k). Suppose 2*h - 595 = -y*h. Is h composite?
True
Let l = 56 - -863. Is l a composite number?
False
Let y(q) = 14*q**2 - 5*q - 5. Is y(12) prime?
True
Let j(q) be the second derivative of 11*q**3/2 + q**2/2 + q. Let o be j(1). Suppose 2*w - 4*f - o = 0, -4*w - 2*f + 107 = 3*f. Is w prime?
True
Suppose -2642 = -g - 2*k + 850, 5*g - 2*k = 17472. Is g a prime number?
False
Suppose 0 = 5*k - 155 - 255. Let f = 156 - k. Is f a composite number?
True
Suppose -6*g = -4*g - 1348. Is g prime?
False
Let a(m) = -m - 5. Let v be a(-7). Suppose -4*o - 3*d + 536 = d, -v*d = -o + 149. Is o prime?
True
Is 0 - 6/((-18)/1515) prime?
False
Suppose -5*y + 5*x = -y - 276, -2*x + 248 = 4*y. Let t = y - 15. Is t a composite number?
True
Let i(j) = 2*j - 17. Let c be i(15). Let r(l) = 33*l - 10. Is r(c) composite?
False
Let g = 14 - 9. Let j(z) = -z + 7. Let w be j(g). Is (w*-206)/(-2) - -3 a composite number?
True
Let v(d) = -d - 5. Let q be (10 + 0)*(-1)/2. Let i be v(q). Is i - -4 - 3 - -3 prime?
False
Suppose -3*g = 2*t + 16, -2*g - 5*t = -0*t + 7. Let a be (6/2)/(g/(-32)). Let l = 30 - a. Is l composite?
True
Suppose 5*v - 3*j = -104 + 1430, -j - 1332 = -5*v. Suppose -7*g + v = 5*x - 3*g, 0 = x + g - 53. Suppose t = 2*t - x. Is t a prime number?
False
Let g be (2 - 12)*34/(-4). Suppose 3*j + 5*d + 79 = 0, j + 28 = -d - d. Let a = g + j. Is a composite?
False
Let u = 6 + -2. Suppose 3*g = u*g - 115. Is g composite?
True
Let r(x) be the third derivative of -13*x**9/12096 - x**8/20160 + x**6/720 - x**5/60 - x**2. Let s(q) be the third derivative of r(q). Is s(-1) prime?
False
Let z(h) = -h**3 + 9*h**2 + 12*h + 5. Let f be 33/3 + (-2 - 0). Is z(f) prime?
True
Let b(k) = k - 8. Let i = 14 + -8. Let h be b(i). Is (h/(-3))/((-2)/(-6)) a prime number?
True
Let k(l) = -11*l**3 - l**2 - l - 1. Let g = 0 - -3. Let i be (-1)/g - (-2)/(-3). Is k(i) composite?
True
Let y = 3 + 0. Suppose 365 = -y*g + 998. Is g a composite number?
False
Let q = 54 - 32. Let p = q - -69. Is p composite?
True
Suppose y - 2*y = -217. Is y composite?
True
Let v = 9 - 18. Is 6285/27 + (-2)/v prime?
True
Let z(c) = 8*c**3 - 3*c**2 - 4*c - 2. Let v be z(-2). Let p = 104 + v. Is p a prime number?
False
Suppose -2*s + 269 - 91 = 0. Suppose -400 - s = -3*j. Is j prime?
True
Is (-8 - -8) + (708 - -1) prime?
True
Let r(s) = s + 10. Let b be r(-7). Let t = 3 - b. Suppose t = 3*a - 2*y - y - 171, 0 = -3*a - 3*y + 147. Is a prime?
True
Suppose i - 4*i = 0, -5*m + i + 2045 = 0. Is m prime?
True
Let s be -1*(38 + (-1 - 1)). Let u = -21 - s. Suppose 0 = -5*j + u + 5. Is j a prime number?
False
Suppose y = 3*y + 10, 110 = -5*l - 5*y. Is (34/l)/(1/(-97)) prime?
False
Suppose -b + 52 = 3*b. Let x = 100 - b. Is x a composite number?
True
Is (-2 - 2)/4 - -224 a composite number?
False
Let f(b) = b**2 - 3*b + 5. Suppose 0 = -2*p + j + 13, 3*j = 2*p - 20 + 1. Let t be f(p). Let q = 6 + t. Is q prime?
False
Let d(b) = -7*b**3 - b**2 + 6. Let o(r) = 15*r**3 + r**2 - r - 13. Let z(q) = -13*d(q) - 6*o(q). Let x be z(-7). Is 1/1*x/(-3) composite?
True
Suppose -4114 = -0*k + 2*k. Is (-4)/10 - k/55 prime?
True
Let y(k) = 93*k - 79. Is y(24) composite?
False
Let h be 2/8 + 171/36. Suppose 354 + 140 = 3*o + h*y, -2*o = y - 320. Is o a composite number?
True
Suppose 0 = -z + 4*z - 84. Suppose 0 = -c + 3*q + 13, 2*c - 3 = -3*q + 5. Let n = z - c. Is n composite?
True
Let h = 7 - 17. Let d be 1*(3 + -2 + h). Let t = 10 - d. Is t a composite number?
False
Let a(v) be the first derivative of v**2/2 - 3*v - 2. Let l be a(5). Suppose l*f = -2*f + 76. Is f a prime number?
True
Let j = -177 - -387. Suppose 7 = 3*i + 4*s, -3*i + 5*s - 2 = -0*s. Is i/2 - j/(-4) composite?
False
Let o = -3 - -5. Let p(i) = i + 16. Let z be p(-12). Suppose -a + z*s + 29 = 0, s + 72 = o*a - 0*s. Is a composite?
False
Let t = 85 + 682. Let o = t - -584. Is o composite?
True
Is 107808/(-16)*(-1)/2 a composite 